{"id":489,"date":"2022-03-02T16:53:54","date_gmt":"2022-03-02T15:53:54","guid":{"rendered":"https:\/\/morzsaovi.hu\/?page_id=489"},"modified":"2022-03-26T18:08:11","modified_gmt":"2022-03-26T17:08:11","slug":"uszas","status":"publish","type":"page","link":"https:\/\/morzsaovi.hu\/?page_id=489","title":{"rendered":"\u00dasz\u00e1s"},"content":{"rendered":"\n<div class=\"wp-block-image\"><figure class=\"aligncenter size-full\"><img fetchpriority=\"high\" decoding=\"async\" width=\"910\" height=\"610\" src=\"https:\/\/morzsaovi.hu\/wp-content\/uploads\/2022\/03\/swimming.png\" alt=\"\" class=\"wp-image-505\" srcset=\"https:\/\/morzsaovi.hu\/wp-content\/uploads\/2022\/03\/swimming.png 910w, https:\/\/morzsaovi.hu\/wp-content\/uploads\/2022\/03\/swimming-300x201.png 300w, https:\/\/morzsaovi.hu\/wp-content\/uploads\/2022\/03\/swimming-768x515.png 768w\" sizes=\"(max-width: 910px) 100vw, 910px\" \/><\/figure><\/div>\n\n\n\n<p>Az \u00f3vod\u00e1s gyermekeink (az \u00f3voda alap\u00edt\u00e1sa \u00f3ta) nagy lelkesed\u00e9ssel vesznek r\u00e9szt az \u00fasz\u00e1soktat\u00e1son, amire XIII. ker\u00fcleti N\u0151v\u00e9r utcai tanuszod\u00e1ban van lehet\u0151s\u00e9g\u00fck.\u00a0\u00a0<\/p>\n\n\n\n<p>A Boh\u00f3chal gyermekcentrikus \u00fasz\u00e1soktat\u00f3i egy\u00e9ni odafigyel\u00e9ssel, b\u00e1tor\u00edt\u00e1ssal motiv\u00e1lj\u00e1k mozg\u00e1sra \u00e9s fejlesztik a gyermekeket.<\/p>\n","protected":false},"excerpt":{"rendered":"<p>Az \u00f3vod\u00e1s gyermekeink (az \u00f3voda alap\u00edt\u00e1sa \u00f3ta) nagy lelkesed\u00e9ssel vesznek r\u00e9szt az \u00fasz\u00e1soktat\u00e1son, amire XIII. ker\u00fcleti N\u0151v\u00e9r utcai tanuszod\u00e1ban van lehet\u0151s\u00e9g\u00fck.\u00a0\u00a0 A Boh\u00f3chal gyermekcentrikus \u00fasz\u00e1soktat\u00f3i egy\u00e9ni odafigyel\u00e9ssel, b\u00e1tor\u00edt\u00e1ssal motiv\u00e1lj\u00e1k mozg\u00e1sra \u00e9s fejlesztik a gyermekeket.<\/p>\n","protected":false},"author":2,"featured_media":0,"parent":0,"menu_order":0,"comment_status":"closed","ping_status":"closed","template":"","meta":{"_monsterinsights_skip_tracking":false,"_monsterinsights_sitenote_active":false,"_monsterinsights_sitenote_note":"","_monsterinsights_sitenote_category":0,"footnotes":""},"class_list":["post-489","page","type-page","status-publish","hentry"],"aioseo_notices":[],"_links":{"self":[{"href":"https:\/\/morzsaovi.hu\/index.php?rest_route=\/wp\/v2\/pages\/489","targetHints":{"allow":["GET"]}}],"collection":[{"href":"https:\/\/morzsaovi.hu\/index.php?rest_route=\/wp\/v2\/pages"}],"about":[{"href":"https:\/\/morzsaovi.hu\/index.php?rest_route=\/wp\/v2\/types\/page"}],"author":[{"embeddable":true,"href":"https:\/\/morzsaovi.hu\/index.php?rest_route=\/wp\/v2\/users\/2"}],"replies":[{"embeddable":true,"href":"https:\/\/morzsaovi.hu\/index.php?rest_route=%2Fwp%2Fv2%2Fcomments&post=489"}],"version-history":[{"count":3,"href":"https:\/\/morzsaovi.hu\/index.php?rest_route=\/wp\/v2\/pages\/489\/revisions"}],"predecessor-version":[{"id":508,"href":"https:\/\/morzsaovi.hu\/index.php?rest_route=\/wp\/v2\/pages\/489\/revisions\/508"}],"wp:attachment":[{"href":"https:\/\/morzsaovi.hu\/index.php?rest_route=%2Fwp%2Fv2%2Fmedia&parent=489"}],"curies":[{"name":"wp","href":"https:\/\/api.w.org\/{rel}","templated":true}]}}